{"id":73,"date":"2020-11-26T13:24:24","date_gmt":"2020-11-26T13:24:24","guid":{"rendered":"https:\/\/www.praxis-drostenplatz.de\/2021\/?page_id=73"},"modified":"2025-07-03T08:05:08","modified_gmt":"2025-07-03T08:05:08","slug":"73-2","status":"publish","type":"page","link":"https:\/\/www.praxis-drostenplatz.de\/2021\/73-2\/","title":{"rendered":"Philosophie"},"content":{"rendered":"<p>[et_pb_section fb_built=&#8220;1&#8243; fullwidth=&#8220;on&#8220; _builder_version=&#8220;4.16&#8243; _module_preset=&#8220;default&#8220; bottom_divider_style=&#8220;curve2&#8243; bottom_divider_color=&#8220;#ffffff&#8220; global_colors_info=&#8220;{}&#8220;][et_pb_fullwidth_slider use_bg_overlay=&#8220;on&#8220; bg_overlay_color=&#8220;rgba(0,184,222,0.51)&#8220; use_text_overlay=&#8220;off&#8220; _builder_version=&#8220;4.16&#8243; _module_preset=&#8220;default&#8220; background_image=&#8220;https:\/\/www.praxis-drostenplatz.de\/2021\/wp-content\/uploads\/2020\/11\/behandlungsraum_drostenplatz_stueeken.jpg&#8220; parallax=&#8220;on&#8220; parallax_method=&#8220;on&#8220; global_colors_info=&#8220;{}&#8220;][et_pb_slide heading=&#8220;PHILOSOPHIE&#8220; use_bg_overlay=&#8220;on&#8220; bg_overlay_color=&#8220;rgba(0,184,222,0.51)&#8220; use_text_overlay=&#8220;off&#8220; _builder_version=&#8220;4.16&#8243; _module_preset=&#8220;default&#8220; background_color=&#8220;rgba(0,0,0,0)&#8220; background_enable_color=&#8220;on&#8220; global_colors_info=&#8220;{}&#8220; sticky_transition=&#8220;on&#8220;]<\/p>\n<h2 id=\"u230395-2\">In Bezug auf Gesundheitsfragen m\u00f6chten wir ihr Ansprechpartner sein<\/h2>\n<p>[\/et_pb_slide][\/et_pb_fullwidth_slider][\/et_pb_section][et_pb_section fb_built=&#8220;1&#8243; _builder_version=&#8220;4.16&#8243; _module_preset=&#8220;default&#8220; global_colors_info=&#8220;{}&#8220;][et_pb_row _builder_version=&#8220;4.16&#8243; _module_preset=&#8220;default&#8220; global_colors_info=&#8220;{}&#8220;][et_pb_column type=&#8220;4_4&#8243; _builder_version=&#8220;4.16&#8243; _module_preset=&#8220;default&#8220; global_colors_info=&#8220;{}&#8220;][et_pb_text _builder_version=&#8220;4.16&#8243; _module_preset=&#8220;default&#8220; global_colors_info=&#8220;{}&#8220;]<\/p>\n<h1 style=\"text-align: center;\">Ihre Anlaufstelle<\/h1>\n<h4 id=\"u230404-2\" style=\"text-align: center;\">Wir sind Ihre Anlaufstelle f\u00fcr alle Gesundheitsfragen. Wenden Sie sich vertrauensvoll an uns &#8230;.<\/h4>\n<p>[\/et_pb_text][\/et_pb_column][\/et_pb_row][\/et_pb_section][et_pb_section fb_built=&#8220;1&#8243; fullwidth=&#8220;on&#8220; _builder_version=&#8220;4.16&#8243; _module_preset=&#8220;default&#8220; height=&#8220;546px&#8220; custom_padding=&#8220;||0px|||&#8220; bottom_divider_color=&#8220;#ffffff&#8220; global_colors_info=&#8220;{}&#8220;][et_pb_fullwidth_slider use_bg_overlay=&#8220;on&#8220; bg_overlay_color=&#8220;rgba(0,184,222,0.51)&#8220; use_text_overlay=&#8220;off&#8220; _builder_version=&#8220;4.16&#8243; _module_preset=&#8220;default&#8220; background_image=&#8220;https:\/\/www.praxis-drostenplatz.de\/2021\/wp-content\/uploads\/2020\/11\/sprechzimmer_praxis_drostenplatz.jpg&#8220; parallax=&#8220;on&#8220; parallax_method=&#8220;on&#8220; global_colors_info=&#8220;{}&#8220;][et_pb_slide use_bg_overlay=&#8220;on&#8220; bg_overlay_color=&#8220;rgba(0,184,222,0.51)&#8220; use_text_overlay=&#8220;off&#8220; _builder_version=&#8220;4.16&#8243; _module_preset=&#8220;default&#8220; background_color=&#8220;rgba(0,0,0,0)&#8220; background_enable_color=&#8220;on&#8220; global_colors_info=&#8220;{}&#8220; sticky_transition=&#8220;on&#8220;]<\/p>\n<h1 id=\"u230404-2\"><span>Menschlichkeit und Verst\u00e4ndnis f\u00fcr Ihre Gesundheitsfragen.<\/span><\/h1>\n<p>[\/et_pb_slide][\/et_pb_fullwidth_slider][\/et_pb_section][et_pb_section fb_built=&#8220;1&#8243; fullwidth=&#8220;on&#8220; _builder_version=&#8220;4.16&#8243; _module_preset=&#8220;default&#8220; global_colors_info=&#8220;{}&#8220;][et_pb_fullwidth_image title_text=&#8220;allgemeinarzt_praxis_drostenplatz&#8220; _builder_version=&#8220;4.16&#8243; _module_preset=&#8220;default&#8220; background_image=&#8220;https:\/\/www.praxis-drostenplatz.de\/2021\/wp-content\/uploads\/2020\/11\/allgemeinarzt_praxis_drostenplatz.jpg&#8220; transform_scale_linked=&#8220;off&#8220; transform_origin=&#8220;0%|50%&#8220; width=&#8220;50%&#8220; width_tablet=&#8220;100%&#8220; width_phone=&#8220;&#8220; width_last_edited=&#8220;on|phone&#8220; module_alignment=&#8220;left&#8220; height=&#8220;500px&#8220; max_height=&#8220;535px&#8220; global_colors_info=&#8220;{}&#8220;][\/et_pb_fullwidth_image][\/et_pb_section][et_pb_section fb_built=&#8220;1&#8243; _builder_version=&#8220;4.16&#8243; _module_preset=&#8220;default&#8220; background_enable_image=&#8220;off&#8220; background_size=&#8220;initial&#8220; background_position=&#8220;center_left&#8220; height=&#8220;2px&#8220; height_tablet=&#8220;352px&#8220; height_phone=&#8220;400px&#8220; height_last_edited=&#8220;on|tablet&#8220; custom_padding=&#8220;||0px|||&#8220; global_colors_info=&#8220;{}&#8220;][et_pb_row column_structure=&#8220;1_2,1_2&#8243; make_equal=&#8220;on&#8220; _builder_version=&#8220;4.16&#8243; _module_preset=&#8220;default&#8220; transform_scale_tablet=&#8220;&#8220; transform_scale_phone=&#8220;&#8220; transform_scale_last_edited=&#8220;on|desktop&#8220; transform_translate=&#8220;0px|-400px&#8220; transform_translate_tablet=&#8220;0px|0px&#8220; transform_translate_phone=&#8220;&#8220; transform_translate_last_edited=&#8220;on|desktop&#8220; transform_translate_linked=&#8220;off&#8220; transform_rotate_tablet=&#8220;&#8220; transform_rotate_phone=&#8220;&#8220; transform_rotate_last_edited=&#8220;on|desktop&#8220; transform_skew_tablet=&#8220;&#8220; transform_skew_phone=&#8220;&#8220; transform_skew_last_edited=&#8220;on|desktop&#8220; transform_origin_tablet=&#8220;&#8220; transform_origin_phone=&#8220;&#8220; transform_origin_last_edited=&#8220;on|desktop&#8220; transform_styles_last_edited=&#8220;on|desktop&#8220; transform_styles_tablet=&#8220;&#8220; transform_styles_phone=&#8220;&#8220; global_colors_info=&#8220;{}&#8220;][et_pb_column type=&#8220;1_2&#8243; _builder_version=&#8220;4.16&#8243; _module_preset=&#8220;default&#8220; global_colors_info=&#8220;{}&#8220;][\/et_pb_column][et_pb_column type=&#8220;1_2&#8243; _builder_version=&#8220;4.16&#8243; _module_preset=&#8220;default&#8220; global_colors_info=&#8220;{}&#8220;][et_pb_text _builder_version=&#8220;4.16&#8243; _module_preset=&#8220;default&#8220; global_colors_info=&#8220;{}&#8220;]<\/p>\n<div class=\"fadeInDelay03Duration10 clearfix colelem shared_content wow fadeIn animated animated\" id=\"u230452-4\" data-muse-uid=\"U230452\" data-muse-type=\"txt_frame\" data-ibe-flags=\"txtStyleSrc\" data-sizepolicy=\"fixed\" data-pintopage=\"page_fixedCenter\" data-leftadjustmentdoneby=\"pu230452-4\" data-content-guid=\"u230452-4_content\" data-wow-duration=\"1.0s\" data-wow-delay=\"0.3s\">\n<h1 id=\"u230452-2\">Pers\u00f6nliche Beratung<\/h1>\n<\/div>\n<div class=\"fadeInDelay03Duration10 colelem shared_content wow fadeIn animated animated\" id=\"u230457\" data-sizepolicy=\"fixed\" data-pintopage=\"page_fixedCenter\" data-leftadjustmentdoneby=\"pu230452-4\" data-content-guid=\"u230457_content\" data-wow-duration=\"1.0s\" data-wow-delay=\"0.3s\"><\/div>\n<div class=\"fadeInDelay03Duration10 clearfix colelem shared_content wow fadeIn animated animated\" id=\"u230453-4\" data-muse-uid=\"U230453\" data-muse-type=\"txt_frame\" data-ibe-flags=\"txtStyleSrc\" data-sizepolicy=\"fixed\" data-pintopage=\"page_fixedCenter\" data-leftadjustmentdoneby=\"pu230452-4\" data-content-guid=\"u230453-4_content\" data-wow-duration=\"1.0s\" data-wow-delay=\"0.3s\">\n<p id=\"u230453-2\">Wir m\u00f6chten unsere Patienten unter Ber\u00fccksichtigung Ihrer individuellen Situation beraten und behandeln. Das verstehen wir unter ganzheitlicher F\u00fcrsorge.<\/p>\n<\/div>\n<p>[\/et_pb_text][\/et_pb_column][\/et_pb_row][\/et_pb_section][et_pb_section fb_built=&#8220;1&#8243; fullwidth=&#8220;on&#8220; _builder_version=&#8220;4.16&#8243; _module_preset=&#8220;default&#8220; global_colors_info=&#8220;{}&#8220;][et_pb_fullwidth_image title_text=&#8220;mammut_praxis-drostenplatz&#8220; _builder_version=&#8220;4.16&#8243; _module_preset=&#8220;default&#8220; background_image=&#8220;https:\/\/www.praxis-drostenplatz.de\/2021\/wp-content\/uploads\/2020\/11\/mammut_praxis-drostenplatz.jpg&#8220; transform_scale_linked=&#8220;off&#8220; transform_origin=&#8220;0%|50%&#8220; width=&#8220;50%&#8220; width_tablet=&#8220;100%&#8220; width_phone=&#8220;100%&#8220; width_last_edited=&#8220;on|desktop&#8220; module_alignment=&#8220;right&#8220; height=&#8220;500px&#8220; max_height=&#8220;535px&#8220; global_colors_info=&#8220;{}&#8220;][\/et_pb_fullwidth_image][\/et_pb_section][et_pb_section fb_built=&#8220;1&#8243; _builder_version=&#8220;4.16&#8243; _module_preset=&#8220;default&#8220; background_enable_image=&#8220;off&#8220; background_size=&#8220;initial&#8220; background_position=&#8220;center_left&#8220; height=&#8220;2px&#8220; height_tablet=&#8220;400px&#8220; height_phone=&#8220;400px&#8220; height_last_edited=&#8220;on|desktop&#8220; custom_padding=&#8220;||0px|||&#8220; global_colors_info=&#8220;{}&#8220;][et_pb_row column_structure=&#8220;1_2,1_2&#8243; make_equal=&#8220;on&#8220; _builder_version=&#8220;4.16&#8243; _module_preset=&#8220;default&#8220; transform_scale_tablet=&#8220;&#8220; transform_scale_phone=&#8220;&#8220; transform_scale_last_edited=&#8220;on|desktop&#8220; transform_translate=&#8220;0px|-400px&#8220; transform_translate_tablet=&#8220;0px|0px&#8220; transform_translate_phone=&#8220;&#8220; transform_translate_last_edited=&#8220;on|desktop&#8220; transform_translate_linked=&#8220;off&#8220; transform_rotate_tablet=&#8220;&#8220; transform_rotate_phone=&#8220;&#8220; transform_rotate_last_edited=&#8220;on|desktop&#8220; transform_skew_tablet=&#8220;&#8220; transform_skew_phone=&#8220;&#8220; transform_skew_last_edited=&#8220;on|desktop&#8220; transform_origin_tablet=&#8220;&#8220; transform_origin_phone=&#8220;&#8220; transform_origin_last_edited=&#8220;on|desktop&#8220; transform_styles_last_edited=&#8220;on|desktop&#8220; transform_styles_tablet=&#8220;&#8220; transform_styles_phone=&#8220;&#8220; global_colors_info=&#8220;{}&#8220;][et_pb_column type=&#8220;1_2&#8243; _builder_version=&#8220;4.16&#8243; _module_preset=&#8220;default&#8220; global_colors_info=&#8220;{}&#8220;][et_pb_text _builder_version=&#8220;4.16&#8243; _module_preset=&#8220;default&#8220; global_colors_info=&#8220;{}&#8220;]<\/p>\n<div class=\"fadeInDelay03Duration10 clearfix colelem shared_content wow fadeIn animated animated\" id=\"u230452-4\" data-muse-uid=\"U230452\" data-muse-type=\"txt_frame\" data-ibe-flags=\"txtStyleSrc\" data-sizepolicy=\"fixed\" data-pintopage=\"page_fixedCenter\" data-leftadjustmentdoneby=\"pu230452-4\" data-content-guid=\"u230452-4_content\" data-wow-duration=\"1.0s\" data-wow-delay=\"0.3s\">\n<h1 id=\"u230452-2\" style=\"text-align: right;\">F\u00fcr Balve<\/h1>\n<\/div>\n<div class=\"fadeInDelay03Duration10 colelem shared_content wow fadeIn animated animated\" id=\"u230457\" data-sizepolicy=\"fixed\" data-pintopage=\"page_fixedCenter\" data-leftadjustmentdoneby=\"pu230452-4\" data-content-guid=\"u230457_content\" data-wow-duration=\"1.0s\" data-wow-delay=\"0.3s\" style=\"text-align: right;\"><\/div>\n<div class=\"fadeInDelay03Duration10 clearfix colelem shared_content wow fadeIn animated animated\" id=\"u230453-4\" data-muse-uid=\"U230453\" data-muse-type=\"txt_frame\" data-ibe-flags=\"txtStyleSrc\" data-sizepolicy=\"fixed\" data-pintopage=\"page_fixedCenter\" data-leftadjustmentdoneby=\"pu230452-4\" data-content-guid=\"u230453-4_content\" data-wow-duration=\"1.0s\" data-wow-delay=\"0.3s\">\n<p id=\"u230453-2\" style=\"text-align: right;\"><span>Damit Balve weiterhin f\u00fcr alle Altersklassen attraktiv bleibt, m\u00f6chten wir unseren Beitrag durch eine professionelle Gesundheitsversorgung leisten.<\/span><\/p>\n<\/div>\n<p>[\/et_pb_text][\/et_pb_column][et_pb_column type=&#8220;1_2&#8243; _builder_version=&#8220;4.16&#8243; _module_preset=&#8220;default&#8220; global_colors_info=&#8220;{}&#8220;][\/et_pb_column][\/et_pb_row][\/et_pb_section][et_pb_section fb_built=&#8220;1&#8243; _builder_version=&#8220;4.16&#8243; _module_preset=&#8220;default&#8220; background_color=&#8220;rgba(0,184,222,0.51)&#8220; height=&#8220;300px&#8220; global_colors_info=&#8220;{}&#8220; locked=&#8220;off&#8220;][et_pb_row _builder_version=&#8220;4.16&#8243; _module_preset=&#8220;default&#8220; transform_scale=&#8220;128%|128%&#8220; transform_translate=&#8220;0px|38px&#8220; transform_translate_linked=&#8220;off&#8220; global_colors_info=&#8220;{}&#8220;][et_pb_column type=&#8220;4_4&#8243; _builder_version=&#8220;4.16&#8243; _module_preset=&#8220;default&#8220; global_colors_info=&#8220;{}&#8220;][et_pb_button button_url=&#8220;@ET-DC@eyJkeW5hbWljIjp0cnVlLCJjb250ZW50IjoicG9zdF9saW5rX3VybF9wYWdlIiwic2V0dGluZ3MiOnsicG9zdF9pZCI6IjE2NCJ9fQ==@&#8220; button_text=&#8220;Kontakt&#8220; button_alignment=&#8220;center&#8220; _builder_version=&#8220;4.16&#8243; _dynamic_attributes=&#8220;button_url&#8220; _module_preset=&#8220;default&#8220; custom_button=&#8220;on&#8220; button_text_color=&#8220;#ffffff&#8220; button_bg_use_color_gradient=&#8220;on&#8220; button_bg_color_gradient_stops=&#8220;rgba(255,255,255,0.2) 0%|rgba(0,184,222,0.51) 100%&#8220; button_bg_color_gradient_start=&#8220;rgba(255,255,255,0.2)&#8220; button_bg_color_gradient_end=&#8220;rgba(0,184,222,0.51)&#8220; button_icon=&#8220;&#xe01d;||divi||400&#8243; global_colors_info=&#8220;{}&#8220;][\/et_pb_button][\/et_pb_column][\/et_pb_row][\/et_pb_section]<\/p>\n","protected":false},"excerpt":{"rendered":"<p>In Bezug auf Gesundheitsfragen m\u00f6chten wir ihr Ansprechpartner seinIhre Anlaufstelle Wir sind Ihre Anlaufstelle f\u00fcr alle Gesundheitsfragen. Wenden Sie sich vertrauensvoll an uns &#8230;.Menschlichkeit und Verst\u00e4ndnis f\u00fcr Ihre Gesundheitsfragen. Pers\u00f6nliche Beratung Wir m\u00f6chten unsere Patienten unter Ber\u00fccksichtigung Ihrer individuellen Situation beraten und behandeln. Das verstehen wir unter ganzheitlicher F\u00fcrsorge. F\u00fcr Balve Damit Balve weiterhin f\u00fcr [&hellip;]<\/p>\n","protected":false},"author":1,"featured_media":0,"parent":0,"menu_order":0,"comment_status":"closed","ping_status":"closed","template":"","meta":{"_et_pb_use_builder":"on","_et_pb_old_content":"","_et_gb_content_width":"","inline_featured_image":false,"footnotes":""},"class_list":["post-73","page","type-page","status-publish","hentry"],"_links":{"self":[{"href":"https:\/\/www.praxis-drostenplatz.de\/2021\/wp-json\/wp\/v2\/pages\/73","targetHints":{"allow":["GET"]}}],"collection":[{"href":"https:\/\/www.praxis-drostenplatz.de\/2021\/wp-json\/wp\/v2\/pages"}],"about":[{"href":"https:\/\/www.praxis-drostenplatz.de\/2021\/wp-json\/wp\/v2\/types\/page"}],"author":[{"embeddable":true,"href":"https:\/\/www.praxis-drostenplatz.de\/2021\/wp-json\/wp\/v2\/users\/1"}],"replies":[{"embeddable":true,"href":"https:\/\/www.praxis-drostenplatz.de\/2021\/wp-json\/wp\/v2\/comments?post=73"}],"version-history":[{"count":16,"href":"https:\/\/www.praxis-drostenplatz.de\/2021\/wp-json\/wp\/v2\/pages\/73\/revisions"}],"predecessor-version":[{"id":936,"href":"https:\/\/www.praxis-drostenplatz.de\/2021\/wp-json\/wp\/v2\/pages\/73\/revisions\/936"}],"wp:attachment":[{"href":"https:\/\/www.praxis-drostenplatz.de\/2021\/wp-json\/wp\/v2\/media?parent=73"}],"curies":[{"name":"wp","href":"https:\/\/api.w.org\/{rel}","templated":true}]}}